ors of g.
2, 3, 157
Let x be 3*(-3 - (-120)/9) + 0. Let d = -17 + 26. Suppose 2*q = x + d. What are the prime factors of q?
2, 5
Let h(d) = d**3 - 15*d**2 + 16*d - 23. Let g be h(11). Let y = g - -475. List the prime factors of y.
2, 3
Let w(n) = -3*n + 18. Let h = -54 + 42. What are the prime factors of w(h)?
2, 3
Suppose 1068 = 7*w - 836. What are the prime factors of w?
2, 17
Let z = -107 + 215. Suppose -2*k + z = 4*f, 3*k + 0*k + 2*f - 158 = 0. What are the prime factors of k?
2, 13
Suppose 0 = -5*s - 5*b - 790, -b + 4*b = 4*s + 646. Let f be s/(-30)*9/2. Suppose f*j + 30 = 25*j. What are the prime factors of j?
2, 3, 5
Suppose -53 + 57 = 2*z. Suppose 2*q - 105 = z*g - 3*g, 105 = g + 3*q. List the prime factors of g.
3, 5, 7
Let d(x) = -x + 4 + 6*x - x**2 + 2. Suppose -266 = -51*h - 11. List the prime factors of d(h).
2, 3
Let i = 257 - -23. What are the prime factors of i?
2, 5, 7
Let s(a) be the first derivative of -31*a**2/2 + 8*a + 14. List the prime factors of s(-3).
101
Suppose -g = -3*w + 12, -3*g - 15 = 2*g. Suppose 0*u = -u + w. Suppose 4*f - f = -9, u*h - 30 = -4*f. List the prime factors of h.
2, 7
Let k(v) be the first derivative of -2*v**2 + 2*v + 1. Suppose -4*a = 54 - 14. What are the prime factors of k(a)?
2, 3, 7
Suppose -3*d + l + 1493 = 0, 11*l + 15 = 8*l. What are the prime factors of d?
2, 31
Suppose -3*c - 9*c + 4308 = 0. List the prime factors of c.
359
Let v(o) = -52*o**3 - o + 1. Let r be v(1). Let t = -37 - r. What are the prime factors of 28/(-10)*(5 - t)?
2, 7
Let o be (-76)/(-10) - 4/(-10). Let q(t) = 2*t**2 + 6*t - 5. Let b be q(-4). Suppose -4*x - b*f + o = 0, 0*x - 2*f + 2 = x. What are the prime factors of x?
2
Let q = 234 + 410. List the prime factors of q.
2, 7, 23
Let z be 42/4*16/6. List the prime factors of ((-539)/z)/(2/(-8)).
7, 11
Let b(c) = 49*c - 3. Let u be b(-1). Let w = 102 + u. List the prime factors of w.
2, 5
Suppose -18*m = -16*m - 1408. List the prime factors of m.
2, 11
Let b(d) = -8*d**2 - 10*d + 57. Let f(i) = 3*i**2 + 3*i - 19. Let o(w) = 4*b(w) + 11*f(w). What are the prime factors of o(6)?
13
Let m(g) = 3*g**2 - g - 2. Let w be ((-15)/45)/((-2)/(-6)). Let f be m(w). Suppose -340 = -5*p + f*q, 5*p = -2*q - 2*q + 310. What are the prime factors of p?
2, 3, 11
Let h(n) = -n + 9. Let a(c) = 5*c + 13. Let j be a(-11). Let d be (-4)/14 - 306/j. What are the prime factors of h(d)?
2
Let a(w) = 9*w - 8. Let r(y) be the second derivative of y**4/12 - y**3/2 + 5*y**2/2 + 8*y. Let v be r(2). List the prime factors of a(v).
19
Suppose -49000 = -27*v + 9455. What are the prime factors of v?
5, 433
Suppose -4*i + 356 + 288 = 0. Suppose 315 = -2*v - v - m, -5*v = -5*m + 545. Let d = i + v. What are the prime factors of d?
5, 11
Suppose -b - 4*c + 379 = 2*b, 3*b - 391 = 2*c. What are the prime factors of b?
3, 43
Let z(o) = o**2 - 3*o + 157. Let k be z(0). Suppose 2*h - k - 155 = 0. What are the prime factors of h?
2, 3, 13
Let d = 94 - -252. What are the prime factors of d?
2, 173
Suppose -15*l + 7*l = -18664. List the prime factors of l.
2333
Let y be (-7 - 51/(-9))/((-2)/123). Let o = y + 73. What are the prime factors of o?
5, 31
Let i = 91 + -89. Suppose 0 = -5*s + 5, -2*t + i*s = -s - 81. What are the prime factors of t?
2, 3, 7
Suppose -7 = -z + 1. Let u = z + -12. What are the prime factors of (-205)/10*-2 + u?
37
Let v = -298 - -74. Let i = -145 - v. What are the prime factors of i?
79
Let k(s) = 82*s**3 + s**2 - s - 1. Suppose -3 = 11*h - 14*h. What are the prime factors of k(h)?
3
Let h = 31 - 49. Let v = h + 53. List the prime factors of v.
5, 7
Let w be (-6)/(-9)*(-6)/2. Let y be w/11 + 9/(-11). List the prime factors of y + 23 + 1/1.
23
Let w(b) = -70*b - 71. List the prime factors of w(-4).
11, 19
Suppose 19 + 53 = 3*t. Let q = t + 7. What are the prime factors of q?
31
Suppose -5*t - 454 = -2*b, -2*b = -3*t + 54 - 328. List the prime factors of (0 + -3)*t/(0 - -2).
3, 5
Suppose 1145 = 5*k + x, -6*k = -9*k + 3*x + 705. What are the prime factors of k?
2, 5, 23
List the prime factors of ((-11)/(-33))/((4/(-1434))/(-2)).
239
List the prime factors of ((-866)/(-7))/(2080/(-140) + 15).
2, 433
List the prime factors of 12/(-84) + (-234)/(-21) + 5.
2
Let x(l) = l - 11. Let y(b) = 1. Let q(o) = -x(o) - 2*y(o). Let n be q(4). Suppose -a - n*z = 15 - 39, 0 = 4*z. What are the prime factors of a?
2, 3
Let k be 16/(-20)*(-10)/4. Suppose -a = k*r - 124, 3*r + 2*a - 51 = 137. What are the prime factors of r?
2, 3, 5
Suppose 3*l = 5*l - 24. Let m be 0*(-4)/l + 110. What are the prime factors of (-3)/(-2)*m/15?
11
Let r = 35 + 269. List the prime factors of r.
2, 19
Let j(m) = 2*m - 1179 + 1170 + 10*m. Let h be (-8)/1*(-1)/2. What are the prime factors of j(h)?
3, 13
Suppose 6*t + 7630 - 30088 = 0. List the prime factors of t.
19, 197
Suppose 0 = -0*v + 5*v - 20. Suppose x - v*x = 0. Suppose -4*t - g + 25 = x, -3*t + 0*t = -2*g - 27. What are the prime factors of t?
7
What are the prime factors of (-70662)/(-150) + (-2)/25?
3, 157
List the prime factors of ((-10)/20)/((-2)/4) - -16.
17
Let u = -1070 - -2112. What are the prime factors of u?
2, 521
Let y(k) = k**2 - k + 21. Let q be y(0). Let j(x) = 9*x - 88. What are the prime factors of j(q)?
101
Let v(s) = 7*s - 2. Let d be v(1). Let a be -7*((-4)/4 + 0). Suppose -a*z + d*z + 134 = 0. What are the prime factors of z?
67
Let c be (-1)/(-6) + 2/(-12). Suppose c = 3*q + 2*t - 268, 39 = -3*q - 3*t + 312. What are the prime factors of q?
2, 43
Let j be 50/125 + ((-1092)/(-5))/4. Suppose 340 = 4*y + 4*c - 52, 3*c + 82 = y. Let d = y - j. List the prime factors of d.
3, 13
Let v(a) = -3 + 7 - 10 - 11*a. What are the prime factors of v(-6)?
2, 3, 5
Suppose 23*a + 1032 = -808. Suppose 2*u - 54 = 3*u - 5*l, 3 = 3*l. Let n = u - a. List the prime factors of n.
31
Let l = 37 - 19. Let z = l + -10. List the prime factors of z.
2
Let y(c) = 10*c - 230. List the prime factors of y(42).
2, 5, 19
Let i(g) = -12*g - 9. Let s(q) = 13*q + 8. Let p(w) = 5*i(w) + 4*s(w). List the prime factors of p(-6).
5, 7
Suppose 11*y - 9012 = 5*y. What are the prime factors of y?
2, 751
Let h = 35 + -26. Let f(p) = -5*p + 2. Let l be f(-2). Let d = l - h. List the prime factors of d.
3
Let c be 1 + (-3 - -3) - -1. Let a be (-9)/(-6) + (-3)/c. Suppose 0*u - 4*u + 68 = a. What are the prime factors of u?
17
List the prime factors of (0 - (-3498)/10) + 37/185.
2, 5, 7
What are the prime factors of (-2670)/(-1 - 9) - -11?
2, 139
Let g be (2/(-6))/(4/(-1164)). Let r = g - 43. List the prime factors of r.
2, 3
Let r = 64 + -62. Suppose -5*o = r*w - 370 - 413, w - 784 = -5*o. List the prime factors of o.
157
Suppose -5*c = -4*x - 274 + 23, 3*c - 137 = -x. Let i = 143 - c. List the prime factors of i.
2, 3
Let w be (1 - 9/6)*0. Suppose 0*g - 3*g = w. Suppose g = 4*l - 3*l - 19. List the prime factors of l.
19
Suppose 14*h = 13*h - 4*u + 2134, 8494 = 4*h - 5*u. List the prime factors of h.
2, 1063
Let a(k) = k**2 - 15*k - 49. Let w be a(17). Suppose 2*v + 2*v = 220. List the prime factors of v/2 - w/(-10).
2, 13
What are the prime factors of ((-1232)/(-66))/((-4)/(-6))?
2, 7
Let c = -35 - -51. Suppose r + s = 27 + c, 0 = s + 4. What are the prime factors of r?
47
Suppose -v + 2 = -2*m + 11, 5*v = -3*m + 7. Suppose 3*q - q = x - 73, -m*q + 12 = 0. List the prime factors of x.
79
Let t be 294/28 + (-6)/(-12). Let u(a) = -a**3 + 6*a**2 + a + 6. Let s be u(5). What are the prime factors of 449/t - s/(-198)?
41
What are the prime factors of 18/(-21) + (-83500)/(-70)?
2, 149
Let d(z) be the first derivative of 19*z**2 - 13*z - 44. What are the prime factors of d(5)?
3, 59
Let x(b) = b. Let t(p) = -2*p**2 + 42*p - 1. Let n(o) = -t(o) + 3*x(o). What are the prime factors of n(23)?
2, 3
Let y = 3 - -4. Suppose y = f - 41. Suppose 4*q - f = -2*r + 3*q, -r = -2*q - 34. What are the prime factors of r?
2, 13
Let m = 4 + -21. Let q = m + 20. Suppose q*l - 6*l + 42 = 0. What are the prime factors of l?
2, 7
Let x be 3/(2 - 771/390). Suppose -z = -5*z + 5*t - x, 3*t - 66 = 2*z. List the prime factors of z*6/(-5)*1.
2, 3
Suppose 20*l + 4529 - 21709 = 0. What are the prime factors of l?
859
Suppose -6*c = -2645 + 545. List the prime factors of c.
2, 5, 7
Suppose 88*r - 83*r = -45. Let p(g) be the third